{"id":129,"date":"2023-12-21T12:55:41","date_gmt":"2023-12-21T11:55:41","guid":{"rendered":"https:\/\/06-12-24.ch\/?page_id=129"},"modified":"2023-12-22T07:47:11","modified_gmt":"2023-12-22T06:47:11","slug":"organisation","status":"publish","type":"page","link":"https:\/\/06-12-24.ch\/?page_id=129","title":{"rendered":"Organisation"},"content":{"rendered":"\n<div class=\"wp-block-media-text is-stacked-on-mobile\" style=\"grid-template-columns:60% auto\"><figure class=\"wp-block-media-text__media\"><img fetchpriority=\"high\" decoding=\"async\" width=\"1024\" height=\"681\" src=\"https:\/\/06-12-24.ch\/wp-content\/uploads\/2023\/12\/martina-kim-1024x681.png\" alt=\"\" class=\"wp-image-131 size-full\" srcset=\"https:\/\/06-12-24.ch\/wp-content\/uploads\/2023\/12\/martina-kim-1024x681.png 1024w, https:\/\/06-12-24.ch\/wp-content\/uploads\/2023\/12\/martina-kim-300x200.png 300w, https:\/\/06-12-24.ch\/wp-content\/uploads\/2023\/12\/martina-kim-768x511.png 768w, https:\/\/06-12-24.ch\/wp-content\/uploads\/2023\/12\/martina-kim-1536x1022.png 1536w, https:\/\/06-12-24.ch\/wp-content\/uploads\/2023\/12\/martina-kim.png 2048w\" sizes=\"(max-width: 1024px) 100vw, 1024px\" \/><\/figure><div class=\"wp-block-media-text__content\">\n<p class=\"has-text-align-center\">Ihr k\u00f6nnt unsere T\u00e4tschmeisterinnen Kim &amp; Martina jederzeit per Mail erreichen. Sie sind sowieso ohne Unterbruch am Planen unserer Hochzeit \ud83d\ude09 <\/p>\n<\/div><\/div>\n\n\n\n<div style=\"height:50px\" aria-hidden=\"true\" class=\"wp-block-spacer\"><\/div>\n\n\n\n<p class=\"has-text-align-center\">Bei Fragen oder f\u00fcr die Anmeldung allf\u00e4lliger Darbietungen wendet euch bitte an unsere T\u00e4schmeisterinnen unter:<\/p>\n\n\n\n<div style=\"height:25px\" aria-hidden=\"true\" class=\"wp-block-spacer\"><\/div>\n\n\n\n<p class=\"has-text-align-center\"><strong>E-Mail:<\/strong><\/p>\n\n\n\n<div class=\"wp-block-buttons is-horizontal is-content-justification-center is-layout-flex wp-container-core-buttons-is-layout-ddb39544 wp-block-buttons-is-layout-flex\">\n<div class=\"wp-block-button\"><a class=\"wp-block-button__link has-text-align-center wp-element-button\" href=\"mailto:hochzeit@06-12-24.ch\">T\u00e4tschmeister-Mail<\/a><\/div>\n<\/div>\n\n\n\n<div style=\"height:25px\" aria-hidden=\"true\" class=\"wp-block-spacer\"><\/div>\n\n\n\n<p class=\"has-text-align-center\"><strong>WhatsApp:<\/strong><\/p>\n\n\n\n<div class=\"wp-block-buttons is-content-justification-center is-layout-flex wp-container-core-buttons-is-layout-16018d1d wp-block-buttons-is-layout-flex\">\n<div class=\"wp-block-button\"><a class=\"wp-block-button__link wp-element-button\" href=\"https:\/\/wa.me\/+41763346731\">T\u00e4tschmeisterin Kim<\/a><\/div>\n\n\n\n<div class=\"wp-block-button\"><a class=\"wp-block-button__link wp-element-button\" href=\"https:\/\/wa.me\/+41774076008\">T\u00e4tschmeisterin Martina<\/a><\/div>\n<\/div>\n","protected":false},"excerpt":{"rendered":"<p>Ihr k\u00f6nnt unsere T\u00e4tschmeisterinnen Kim &amp; Martina jederzeit per Mail erreichen. Sie sind sowieso ohne Unterbruch am Planen unserer Hochzeit \ud83d\ude09 Bei Fragen oder f\u00fcr die Anmeldung allf\u00e4lliger Darbietungen wendet<\/p>\n<p class=\"more-link\"><a href=\"https:\/\/06-12-24.ch\/?page_id=129\" class=\"readmore\">Continue reading<svg class=\"icon icon-arrow-right\" aria-hidden=\"true\" role=\"img\"> <use href=\"#icon-arrow-right\" xlink:href=\"#icon-arrow-right\"><\/use> <\/svg><span class=\"screen-reader-text\">Organisation<\/span><\/a><\/p>\n","protected":false},"author":1,"featured_media":0,"parent":0,"menu_order":0,"comment_status":"closed","ping_status":"closed","template":"","meta":{"footnotes":""},"class_list":["post-129","page","type-page","status-publish","hentry"],"_links":{"self":[{"href":"https:\/\/06-12-24.ch\/index.php?rest_route=\/wp\/v2\/pages\/129","targetHints":{"allow":["GET"]}}],"collection":[{"href":"https:\/\/06-12-24.ch\/index.php?rest_route=\/wp\/v2\/pages"}],"about":[{"href":"https:\/\/06-12-24.ch\/index.php?rest_route=\/wp\/v2\/types\/page"}],"author":[{"embeddable":true,"href":"https:\/\/06-12-24.ch\/index.php?rest_route=\/wp\/v2\/users\/1"}],"replies":[{"embeddable":true,"href":"https:\/\/06-12-24.ch\/index.php?rest_route=%2Fwp%2Fv2%2Fcomments&post=129"}],"version-history":[{"count":20,"href":"https:\/\/06-12-24.ch\/index.php?rest_route=\/wp\/v2\/pages\/129\/revisions"}],"predecessor-version":[{"id":192,"href":"https:\/\/06-12-24.ch\/index.php?rest_route=\/wp\/v2\/pages\/129\/revisions\/192"}],"wp:attachment":[{"href":"https:\/\/06-12-24.ch\/index.php?rest_route=%2Fwp%2Fv2%2Fmedia&parent=129"}],"curies":[{"name":"wp","href":"https:\/\/api.w.org\/{rel}","templated":true}]}}